of 18?
False
Is 7644 a multiple of 31?
False
Does 26 divide 959?
False
Does 18 divide 15176?
False
Is 793 a multiple of 61?
True
Is 10 a factor of 236?
False
Is 1952 a multiple of 4?
True
Is 8 a factor of 22056?
True
Is 15 a factor of 72?
False
Is 6 a factor of 6312?
True
Is 35 a factor of 315?
True
Is 21 a factor of 9906?
False
Is 1860 a multiple of 10?
True
Does 9 divide 2990?
False
Does 22 divide 1931?
False
Does 65 divide 8840?
True
Is 33 a factor of 38663?
False
Is 53 a factor of 8127?
False
Is 22880 a multiple of 104?
True
Is 2241 a multiple of 102?
False
Is 3 a factor of 217?
False
Is 11577 a multiple of 227?
True
Is 4 a factor of 123?
False
Is 4194 a multiple of 4?
False
Does 37 divide 2220?
True
Does 8 divide 4072?
True
Does 18 divide 504?
True
Is 68 a factor of 2954?
False
Does 149 divide 3278?
True
Is 18 a factor of 41645?
False
Does 103 divide 10133?
False
Is 40 a factor of 160?
True
Does 104 divide 8700?
False
Is 13 a factor of 11356?
False
Does 8 divide 2144?
True
Is 28 a factor of 17843?
False
Is 252 a factor of 84672?
True
Is 6 a factor of 18?
True
Is 3201 a multiple of 14?
False
Is 32 a factor of 49440?
True
Is 5510 a multiple of 19?
True
Does 11 divide 4692?
False
Is 2870 a multiple of 35?
True
Is 72 a factor of 12096?
True
Does 40 divide 24720?
True
Is 34 a multiple of 34?
True
Does 40 divide 1280?
True
Does 12 divide 86?
False
Is 3252 a multiple of 4?
True
Is 19 a multiple of 19?
True
Does 44 divide 1756?
False
Is 101 a factor of 2178?
False
Is 85404 a multiple of 27?
False
Does 9 divide 10367?
False
Does 20 divide 400?
True
Is 4 a multiple of 4?
True
Is 11 a factor of 1199?
True
Is 47410 a multiple of 22?
True
Is 8543 a multiple of 175?
False
Is 16 a factor of 12038?
False
Does 9 divide 900?
True
Is 7 a factor of 757?
False
Does 23 divide 44393?
False
Does 20 divide 9234?
False
Does 19 divide 817?
True
Is 43462 a multiple of 18?
False
Is 14 a factor of 2038?
False
Is 7 a factor of 43565?
False
Does 285 divide 47880?
True
Does 13 divide 1177?
False
Does 59 divide 924?
False
Does 40 divide 8520?
True
Is 106 a factor of 51846?
False
Is 2099 even?
False
Is 31 a factor of 2025?
False
Is 13 a factor of 4339?
False
Does 186 divide 53658?
False
Is 4268 a multiple of 22?
True
Is 123 a factor of 232?
False
Is 18 a factor of 5609?
False
Does 110 divide 2219?
False
Is 1338 a multiple of 223?
True
Is 348 a factor of 49519?
False
Is 77 a factor of 9634?
False
Does 47 divide 1174?
False
Does 142 divide 27340?
False
Is 24085 a multiple of 87?
False
Is 8 a factor of 592?
True
Is 12 a factor of 492?
True
Does 14 divide 854?
True
Is 26496 a multiple of 92?
True
Is 27 a factor of 12123?
True
Does 7 divide 1127?
True
Is 24734 a multiple of 166?
True
Does 11 divide 20966?
True
Is 156 a multiple of 19?
False
Is 117 a factor of 4095?
True
Is 96 a factor of 511?
False
Is 96 a factor of 27840?
True
Is 2080 a multiple of 52?
True
Is 7644 a multiple of 13?
True
Does 53 divide 5674?
False
Does 19 divide 1525?
False
Does 91 divide 1456?
True
Does 4 divide 74934?
False
Is 4 a factor of 649?
False
Is 9 a factor of 3285?
True
Does 2 divide 15217?
False
Is 2583 a multiple of 74?
False
Does 31 divide 1632?
False
Does 4 divide 3766?
False
Does 13 divide 558?
False
Is 28 a factor of 89?
False
Is 173 a multiple of 10?
False
Is 1724 a multiple of 3?
False
Does 13 divide 741?
True
Does 9 divide 774?
True
Does 24 divide 1570?
False
Does 6 divide 628?
False
Is 1344 a multiple of 16?
True
Is 134400 a multiple of 128?
True
Is 2297 a multiple of 24?
False
Is 1012 a multiple of 6?
False
Does 29 divide 1479?
True
Is 4 a factor of 905?
False
Does 15 divide 1722?
False
Is 4036 a multiple of 5?
False
Is 13 a factor of 3565?
False
Is 2 a factor of 624?
True
Is 61796 a multiple of 14?
True
Does 31 divide 3069?
True
Is 13 a factor of 416?
True
Is 10 a factor of 1504?
False
Is 23 a factor of 38778?
True
Does 12 divide 2376?
True
Does 23 divide 76160?
False
Is 6076 a multiple of 24?
False
Is 150 a multiple of 88?
False
Is 2574 a multiple of 18?
True
Is 14 a factor of 37860?
False
Does 32 divide 1104?
False
Does 16 divide 896?
True
Does 13 divide 958?
False
Is 66 a multiple of 22?
True
Does 36 divide 252?
True
Is 7 a factor of 913?
False
Is 33 a factor of 23679?
False
Does 4 divide 150?
False
Does 87 divide 4959?
True
Is 27804 a multiple of 21?
True
Does 22 divide 121242?
True
Is 78 a multiple of 3?
True
Does 35 divide 8976?
False
Is 24057 a multiple of 99?
True
Is 254 a factor of 10149?
False
Is 6 a factor of 31?
False
Is 50 a factor of 2860?
False
Does 37 divide 11362?
False
Does 23 divide 759?
True
Does 47 divide 35053?
False
Is 69 a factor of 9315?
True
Is 3936 a multiple of 32?
True
Is 43 a factor of 686?
False
Does 26 divide 593?
False
Is 110 a multiple of 2?
True
Is 10 a factor of 210?
True
Is 8 a factor of 16560?
True
Does 126 divide 17473?
False
Is 3059 a multiple of 133?
True
Is 83177 a multiple of 73?
False
Is 328 a multiple of 20?
False
Does 39 divide 5483?
False
Is 3420 a multiple of 60?
True
Is 12 a factor of 7632?
True
Is 25173 a multiple of 11?
False
Is 78 a factor of 695?
False
Does 4 divide 22460?
True
Does 4 divide 145?
False
Is 5236 a multiple of 29?
False
Is 19403 a multiple of 82?
False
Is 55 a factor of 1650?
True
Does 47 divide 9400?
True
Is 13 a factor of 871?
True
Is 8641 a multiple of 15?
False
Does 13 divide 28158?
True
Is 77640 a multiple of 34?
False
Does 10 divide 11633?
False
Is 98 a factor of 9935?
False
Is 31 a factor of 1874?
False
Is 13434 a multiple of 20?
False
Is 5538 a multiple of 26?
True
Is 15 a factor of 427?
False
Is 39 a factor of 9930?
False
Does 40 divide 400?
True
Does 22 divide 616?
True
Is 44 a factor of 10363?
False
Is 2 a factor of 24?
True
Is 24571 a multiple of 39?
False
Does 16 divide 544?
True
Is 312 a multiple of 39?
True
Is 21169 a multiple of 20?
False
Is 86 a factor of 26488?
True
Does 16 divide 91435?
False
Is 21 a factor of 185?
False
Is 17 a factor of 17?
True
Does 39 divide 194?
False
Is 18 a factor of 1434?
False
Is 78 a factor of 86656?
False
Is 56 a factor of 19247?
False
Is 224 a multiple of 16?
True
Does 39 divide 8853?
True
Does 39 divide 86970?
True
Is 288 a multiple of 16?
True
Is 31 a factor of 30039?
True
Does 3 divide 10731?
True
Is 5456 a multiple of 8?
True
Is 4248 a multiple of 12?
True
Is 19 a factor of 2622?
True
Is 33 a factor of 2322?
False
Is 125 a factor of 17384?
False
Does 16 divide 786?
False
Does 29 divide 301?
False
Does 9 divide 489?
False
Does 8 divide 1833?
False
Is 8 a factor of 4704?
True
Is 22110 a multiple of 67?
True
Does 42 divide 28140?
True
Does 8 divide 64670?
False
Is 11557 a multiple of 61?
False
Does 25 divide 1475?
True
Does 6 divide 6215?
False
Is 165 a multiple of 11?
True
Is 510 a multiple of 41?
False
Is 15 a factor of 1275?
True
Does 203 divide 10070?
False
Is 18298 a multiple of 128?
False
Does 34 divide 374?
True
Is 22 a factor of 4774?
True
Is 23 a factor of 16177?
False
Is 158 a multiple of 3?
False
Is 10503 a multiple of 27?
True
Is 22 a factor of 83012?
False
Is 48 a factor of 23200?
False
Does 27 divide 2484?
True
Does 15 divide 810?
True
Is 17 a factor of 25109?
True
Does 37 divide 33041?
True
Is 23 a factor of 345?
True
Does 17 divide 3275?
False
Is 9 a factor of 495?
True
Is 900 a multiple of 12?
True
Does 10 divide 8750?
True
Is 6684 a multiple of 14?
False
Does 10 divide 1089?
False
Is 7 a factor of 11016?
False
Does 13 divide 6825?
True
Does 27 divide 36443?
False
Does 28 divide 512?
False
Is 51 a multiple of 45?
False
Is 281 a multiple of 112?
False
Is 46048 a multiple of 16?
True
Does 2 divide 88?
True
Is 102 a factor of 5814?
True
Is 265 a multiple of 37?
False
Is 8 a factor of 1855?
False
Is 6669 a multiple of 57?
True
Is 32 a factor of 3488?
True
Is 8 a factor of 11086?
False
Does 12 divide 4500?
True
Is 25 a factor of 15900?
True
Does 21 divide 987?
True
Is 109 a factor of 12862?
True
Is 73 a factor of 486?
False
Does 31 divide 10883?
False
Is 7 a factor of 553?
True
Is 2 a factor of 67?
False
Does 5 divide 560?
True
Is 2843 a multiple of 122?
False
Does 6 divide 27348?
True
Does 27 divide 237?
False
Does 29 divide 551?
True
Does 2 divide 296?
True
Is 1435 a multiple of 7?
True
Is 23 a factor of 965?
False
Does 15 divide 115276?
False
Is 92330 a 